en 206 is divided by b(26).
11
Let g = 79 + -34. Let y(z) = -z + 24. Let u = 2 + -2. What is the remainder when g is divided by y(u)?
21
Suppose 6 = -2*u - 8. Let b(o) = -o**2 - 5*o + 4. Let n be b(u). Let y = n - -17. Calculate the remainder when 27 is divided by y.
6
Let z = -233 + 257. What is the remainder when 50 is divided by z?
2
Let a = -62 - -32. Let w = -25 - a. Suppose 3*g - 5*g + 38 = 0. What is the remainder when g is divided by w?
4
Let l(m) = -4*m + 16. Suppose 0 = 3*t + 4*w - 121, -w = t - 16 - 25. What is the remainder when t is divided by l(3)?
3
What is the remainder when (424/(-32))/(2/(-16)) is divided by 28?
22
Suppose -2*u - 3*u + 10 = 0. Suppose u*y + 2*g - 48 = 0, -4*y = y + 2*g - 126. What is the remainder when y is divided by 7?
5
Let h(l) = -l**2 - 8*l - 9. Let m be (-36)/30*(-5)/3. Suppose -4*u - 36 = m*u. Calculate the remainder when 7 is divided by h(u).
1
Suppose -168*x + 3591 = -165*x. Calculate the remainder when x is divided by 40.
37
Let p(d) = d**3 + 6*d**2 - 4*d - 19. Let r be p(-7). Let h = -10 - r. What is the remainder when h is divided by 4?
2
Suppose n + 4*n = 20. Suppose i + 2*d - 30 = 0, -4*i - i + 4*d + 94 = 0. What is the remainder when i is divided by ((-8)/(-6))/(n/18)?
4
Let u = -42 + 87. Suppose -5*a + 8*a - u = 0. What is the remainder when a is divided by 6?
3
Let x = 108 + -39. Let j = -7 + 11. Suppose j*c - 5*k - 82 = 0, -5*k - 7 = 4*c - 69. Calculate the remainder when x is divided by c.
15
Suppose 4*k = 2*n + 16, 0 = 6*k - 2*k + 3*n - 16. Suppose 4 = k*z - 12. Let m = 1 + 11. Calculate the remainder when m is divided by z.
0
Let m(g) = -4*g + 9. Let c be 55/(-22) + (-2)/4. Let x(k) = -k**2 + 12*k + 3. Calculate the remainder when x(6) is divided by m(c).
18
Let x(w) = -w**2 + 10*w - 10. Suppose -4*o + 5*c = 170, -86 + 4 = 2*o - c. Calculate the remainder when 1 + -1 + o/(-1) is divided by x(6).
12
Suppose 0 = 8*p - 2*p. Suppose -4*o - 2*o + 42 = p. Calculate the remainder when 20 is divided by o.
6
Let h(c) = -9*c - 3. Let a be h(2). Calculate the remainder when 70 is divided by 6/a - 256/(-14).
16
Let z(l) = 81*l**2 + 1. What is the remainder when z(-1) is divided by 7*((-60)/(-6) - 7)?
19
Let n(p) = 10*p - 2. Let y(v) = 6*v**2 + 31*v + 4. Calculate the remainder when y(-6) is divided by n(2).
16
Suppose -3*z + 11 = y + z, 4*y - 3*z - 6 = 0. Suppose -24 = -4*x - y*t, 2*x = -x - 3*t + 18. What is the remainder when 27 is divided by x?
3
Let t = 53 + -89. Calculate the remainder when 42 is divided by ((-12)/t)/(1/33).
9
Let n(i) = -6*i**2 + i + 5. Let h be n(-2). Let d = h + 32. What is the remainder when d is divided by 2?
1
Suppose 3*i - t + 73 - 165 = 0, -4*t = -i + 27. Let b(c) = 11*c + 1. What is the remainder when b(5) is divided by i?
25
Calculate the remainder when 33 is divided by 678/22 - (-328)/1804.
2
Suppose 19 = 5*n - 1. Let j(g) = -g**2 + 38*g - 68. Calculate the remainder when j(36) is divided by n.
0
Suppose 0 = -4*i - 5*w - 162, i + 48 = -10*w + 5*w. Let o = 43 + i. What is the remainder when 12 is divided by o?
2
Let l = -1 + 1. Suppose 0 = -5*c + 4*v + 49, -5*c = -10*c - 5*v + 85. Calculate the remainder when c is divided by (5 - 0) + -1 + l.
1
Suppose 3*h = -t + 140, 2*t + 4*h - 700 = -3*t. Calculate the remainder when t is divided by 13.
10
Suppose -5*s = -1077 + 312. Suppose 3*p = 63 + s. What is the remainder when p is divided by 37?
35
Let s(h) = -h**2 + 19*h - 37. What is the remainder when 83 is divided by s(15)?
14
Let c(t) = t**2 + 5*t + 6. Suppose -4*o - 43*s = -46*s - 105, 4*o = -2*s + 130. Calculate the remainder when c(5) is divided by o.
26
Suppose -51 = -3*i - m + 77, 50 = i + 4*m. Let q(o) = -o**3 + 41*o**2 - 85*o + 296. Calculate the remainder when i is divided by q(39).
19
Suppose 18*s + 12*s - 3540 = 0. Calculate the remainder when s is divided by 44.
30
Let g(v) = v**2 - 7*v + 8. Let y = 66 - 57. What is the remainder when g(9) is divided by y?
8
Suppose 5*p + 4*t = 203 - 14, -5*t - 184 = -4*p. Let z(o) = 5*o. What is the remainder when p is divided by z(3)?
11
Suppose 26*o - 15276 = -1600. Calculate the remainder when o is divided by 5.
1
Suppose 11*p = 509 + 734. Let u(b) = -38*b**3 - b**2 + 1. Calculate the remainder when p is divided by u(-1).
37
Let p = 59 - 54. Let y(h) be the third derivative of h**6/120 - h**5/15 - h**4/8 - 2*h**3/3 - 2*h**2. What is the remainder when 9 is divided by y(p)?
3
Let w(z) = z**2 - 4*z - 4. Let v be w(6). Suppose -2*g - 68 = -6*g. Let t = g - v. What is the remainder when 25 is divided by t?
7
Let q(n) = -2*n - 17. Let r be q(-19). What is the remainder when (-22)/(-33)*1*r is divided by 1/(-2) + (-68)/(-8)?
6
Suppose -c - 20 = -5*c, -4*f + 3*c = -21. Calculate the remainder when (1/5 - 2/(-15))*45 is divided by f.
6
Let z = -12 - -1. Let r = 38 + z. Let h = -15 - -29. Calculate the remainder when r is divided by h.
13
Calculate the remainder when 62 is divided by (-1221)/(-22) - (-12)/8.
5
Let j be (0 + -2)/1 + -2. What is the remainder when (426/(-3) - j)*-1 is divided by (-1)/3 + 212/6?
33
Let o = 2187 - 2146. Let i = 20 + -6. What is the remainder when o is divided by i?
13
Let i(m) be the third derivative of -m**4/24 + 5*m**3/3 + 8*m**2. Suppose 7*s - 2*s + 40 = 0. What is the remainder when 34 is divided by i(s)?
16
Suppose 0*h + 12 = -6*h. Let f = 72 + h. Calculate the remainder when f is divided by 32/2 + 2 + 0.
16
Let t(d) = d**2 - 2*d + 2. Let f be t(3). Let u = 1 + f. Suppose -3*x + 4*j = -9, -j + u = 2*x + 4*j. Calculate the remainder when 3 is divided by x.
0
Let t be -4*(-1 - 1)/((-4)/(-3)). What is the remainder when 8 is divided by ((-26)/(-3) - 1) + (-4)/t?
1
Suppose 3*v = 6, 5*m = 3*m + 3*v - 6. Calculate the remainder when 2*(-5 + (330/(-12))/(-5)) is divided by 1*(m - 0 - -1).
0
Let r(m) = m + 3. Let n = -5757 + 5798. Calculate the remainder when n is divided by r(3).
5
Let q = -69 + 64. Let w = 17 - q. What is the remainder when w is divided by 12?
10
Suppose 4*u - 27 = 21. Suppose 5*v - 3 = u. Let x(j) = -j**2 + 7*j + 39. What is the remainder when x(10) is divided by v?
0
Suppose 3*r + 13 = 5*f + 4, 3*r = -2*f + 12. Let t(m) = 6*m**2 - 3. Let l(a) = 7*a + 5. What is the remainder when l(5) is divided by t(r)?
19
Let s = 62 - 51. Calculate the remainder when 26 is divided by s.
4
Let h be 64/(-24)*45/(-2). Suppose -3*g = -12 - h. Calculate the remainder when 45 is divided by g.
21
Let z = 40 - 36. Calculate the remainder when (-3 + 7)/(-1) - (-2 - 20) is divided by z.
2
Let i = -763 - -813. Let w(q) = -2*q**3 - 4*q**2 - q. Let g be w(-3). Let k = i - g. What is the remainder when k is divided by 15?
14
Calculate the remainder when (-42)/(42/(-6))*27 is divided by 11.
8
Let g = -1 + 50. Let s = 10 - g. Calculate the remainder when (0 - 1 - s) + -2 is divided by 19.
17
Let u = 4 - 1. What is the remainder when 45*(20/6 - u) is divided by (7 - -1)*(-21)/(-28)?
3
Suppose -9*k + 28 = -8. Calculate the remainder when 19 is divided by k.
3
Let d be (-2)/(-20) + (-136380)/(-200). Suppose 7*z + 4*z = d. What is the remainder when z is divided by 16?
14
Let b(a) = -2*a**2 - 4*a + 79. What is the remainder when 574 is divided by b(-7)?
7
Let y be 104/(-3)*15/(-10). Suppose 0 = a - 2*r - 11, 2*r = -2*a + y. What is the remainder when 61 is divided by a?
19
Suppose 3*d - 3*n + 9 = 0, 5*d + 11 = 4*n - 2. Calculate the remainder when 2*(d + 2) - -2 is divided by 6 + (-52)/9 + 25/9.
1
Let v(m) = m**3 + 7 - 17*m - 16*m**2 - 3 + 11 + 7. Calculate the remainder when v(17) is divided by 14.
8
Suppose 5*d - 2*d = 6. Suppose 51 = d*c - z, -2*z - z + 39 = 2*c. Calculate the remainder when 142 is divided by c.
22
Suppose 0 = v + 2*v + 2*t - 85, -3*v + t + 97 = 0. Let d = -30 + 46. Calculate the remainder when v is divided by d.
15
Let k(z) = -z**3 + 5*z**2 - 2*z - 6. Let t be k(5). Let c = t + 47. Let l = 862 - 851. What is the remainder when c is divided by l?
9
Suppose -3*o + 2*o + 29 = 0. Let p = o - 7. What is the remainder when p is divided by 3?
1
Let w(i) = 2*i**2 + 5*i - 7. Let f be w(3). Let s = f + -14. What is the remainder when 23 is divided by s?
11
Let g be -1*(3 + -2) - -10. Let x = 0 + g. Suppose -32 = -2*w - 5*z + 2, 4*w - 4*z = 68. Calculate the remainder when w is divided by x.
8
Let k(p) = 